{"id":155,"date":"2024-06-24T10:29:28","date_gmt":"2024-06-24T08:29:28","guid":{"rendered":"https:\/\/auxsourcesdelacoise.com\/?page_id=155"},"modified":"2025-12-24T17:33:27","modified_gmt":"2025-12-24T16:33:27","slug":"notre-parcours-nos-ideaux","status":"publish","type":"page","link":"https:\/\/auxsourcesdelacoise.com\/?page_id=155","title":{"rendered":"Notre parcours &#8211; Nos id\u00e9aux"},"content":{"rendered":"\n<h3 class=\"wp-block-heading\">Pierre et Sophie, pour vous servir !<\/h3>\n\n\n\n<p>Nous avons chang\u00e9 de voie en 2016, et avons repris une petite ferme bovine fromag\u00e8re dans le sud des monts du lyonnais en 2019.<\/p>\n\n\n\n<p>Tous les deux, nous sommes des \u00ab\u00a0hors parcours agricole\u00a0\u00bb comme ils disent dans le milieu. C&rsquo;est \u00e0 dire que nous ne sommes pas directement issu du monde agricole. Nous n&rsquo;avons pas de terres agricoles, ni de comp\u00e9tences agricoles transmises par notre famille.<\/p>\n\n\n\n<p>Seulement, nous avons grandi en milieu rural tout ou partie de notre enfance.<\/p>\n\n\n\n<div class=\"wp-block-columns is-layout-flex wp-container-core-columns-is-layout-28f84493 wp-block-columns-is-layout-flex\">\n<div class=\"wp-block-column is-layout-flow wp-block-column-is-layout-flow\">\n<figure class=\"wp-block-image size-full has-custom-border\"><img loading=\"lazy\" decoding=\"async\" width=\"800\" height=\"500\" src=\"https:\/\/auxsourcesdelacoise.com\/wp-content\/uploads\/2024\/06\/Sophie-1.png\" alt=\"\" class=\"wp-image-164\" style=\"border-top-left-radius:20px;border-top-right-radius:20px;border-bottom-left-radius:20px;border-bottom-right-radius:20px\" srcset=\"https:\/\/auxsourcesdelacoise.com\/wp-content\/uploads\/2024\/06\/Sophie-1.png 800w, https:\/\/auxsourcesdelacoise.com\/wp-content\/uploads\/2024\/06\/Sophie-1-600x375.png 600w, https:\/\/auxsourcesdelacoise.com\/wp-content\/uploads\/2024\/06\/Sophie-1-300x188.png 300w, https:\/\/auxsourcesdelacoise.com\/wp-content\/uploads\/2024\/06\/Sophie-1-768x480.png 768w\" sizes=\"auto, (max-width: 800px) 100vw, 800px\" \/><\/figure>\n<\/div>\n\n\n\n<div class=\"wp-block-column is-layout-flow wp-block-column-is-layout-flow\">\n<figure class=\"wp-block-image size-full has-custom-border\"><img loading=\"lazy\" decoding=\"async\" width=\"800\" height=\"500\" src=\"https:\/\/auxsourcesdelacoise.com\/wp-content\/uploads\/2024\/06\/Pierre-1.png\" alt=\"\" class=\"wp-image-163\" style=\"border-top-left-radius:20px;border-top-right-radius:20px;border-bottom-left-radius:20px;border-bottom-right-radius:20px\" srcset=\"https:\/\/auxsourcesdelacoise.com\/wp-content\/uploads\/2024\/06\/Pierre-1.png 800w, https:\/\/auxsourcesdelacoise.com\/wp-content\/uploads\/2024\/06\/Pierre-1-600x375.png 600w, https:\/\/auxsourcesdelacoise.com\/wp-content\/uploads\/2024\/06\/Pierre-1-300x188.png 300w, https:\/\/auxsourcesdelacoise.com\/wp-content\/uploads\/2024\/06\/Pierre-1-768x480.png 768w\" sizes=\"auto, (max-width: 800px) 100vw, 800px\" \/><\/figure>\n<\/div>\n<\/div>\n\n\n\n<div class=\"wp-block-columns is-layout-flex wp-container-core-columns-is-layout-ef350914 wp-block-columns-is-layout-flex\" style=\"padding-top:var(--wp--preset--spacing--30);padding-bottom:var(--wp--preset--spacing--30)\">\n<div class=\"wp-block-column is-layout-flow wp-block-column-is-layout-flow\" style=\"flex-basis:100%\">\n<h3 class=\"wp-block-heading\">Sophie<\/h3>\n\n\n\n<p>Sophie a un parcours universitaire en poche: STAPS (Sciences et Techniques des Activit\u00e9s Physiques et Sportives). Elle a bifurqu\u00e9 en derni\u00e8re ann\u00e9e vers l&rsquo;am\u00e9nagement du territoire, dans le domaine du tourisme, et des activit\u00e9s de pleine nature. Ses premi\u00e8res missions: accompagner les collectivit\u00e9s bretonnes, sur des projets de mise en valeur du territoire. Elle a poursuivi dans le m\u00eame domaine, en tant que cheffe de projet dans une entreprise de guides touristiques \u00e0 Toulouse.<\/p>\n\n\n\n<p>Puis un jour, elle est devenue maman de  3 filles, et a souhait\u00e9 consacrer 100% de son temps \u00e0 les accompagner dans leurs apprentissages.  Tout cela lui a permis de d\u00e9velopper l&rsquo;observation, la cr\u00e9ativit\u00e9, l&rsquo;\u00e9coute des autres, la tenacit\u00e9 et l&#8217;empathie.<\/p>\n\n\n\n<p>Sophie est joyeuse,  aime la beaut\u00e9 de la nature, et surtout elle parle beaucoup !<\/p>\n<\/div>\n<\/div>\n\n\n\n<div class=\"wp-block-columns is-layout-flex wp-container-core-columns-is-layout-ef350914 wp-block-columns-is-layout-flex\" style=\"padding-top:var(--wp--preset--spacing--30);padding-bottom:var(--wp--preset--spacing--30)\">\n<div class=\"wp-block-column is-layout-flow wp-block-column-is-layout-flow\" style=\"flex-basis:100%\">\n<h3 class=\"wp-block-heading\">Pierre<\/h3>\n\n\n\n<p>Pierre est ing\u00e9nieur en BTP (B\u00e2timent Travaux Publics) &#8211; option G\u00e9nie Civil.  Il a commenc\u00e9 \u00e0 travailler comme conducteur de travaux en Bretagne, dans une filiale du groupe Vinci. EN 10 ans, il a gravi les \u00e9chelons: chef de parc, chef d&rsquo;entreprise, puis chef de groupe (3 entreprises, une centaine de personnes, un gros budget, plein de chantiers).<br> Ces exp\u00e9riences lui ont apport\u00e9es la maitrise des budgets, le savoir faire comptable, la gestion des ressources humaines, et une organisation solide.<\/p>\n\n\n\n<p>De temp\u00e9rament Pierre est plut\u00f4t casanier. C&rsquo;est aussi un homme de projet. Il aime avancer, cr\u00e9er. A la ferme, il est heureux dans sa bulle, \u00e0 organiser son temps comme il lui plait selon ses objectif fix\u00e9s.<\/p>\n<\/div>\n<\/div>\n","protected":false},"excerpt":{"rendered":"<p>Pierre et Sophie, pour vous servir ! Nous avons chang\u00e9 de voie en 2016, et avons repris une petite ferme bovine fromag\u00e8re dans le sud des monts du lyonnais en 2019. Tous les deux, nous sommes des \u00ab\u00a0hors parcours agricole\u00a0\u00bb comme ils disent dans le milieu. C&rsquo;est \u00e0 dire que nous ne sommes pas directement [&hellip;]<\/p>\n","protected":false},"author":1,"featured_media":0,"parent":0,"menu_order":0,"comment_status":"closed","ping_status":"closed","template":"","meta":{"footnotes":""},"class_list":["post-155","page","type-page","status-publish","hentry"],"_links":{"self":[{"href":"https:\/\/auxsourcesdelacoise.com\/index.php?rest_route=\/wp\/v2\/pages\/155","targetHints":{"allow":["GET"]}}],"collection":[{"href":"https:\/\/auxsourcesdelacoise.com\/index.php?rest_route=\/wp\/v2\/pages"}],"about":[{"href":"https:\/\/auxsourcesdelacoise.com\/index.php?rest_route=\/wp\/v2\/types\/page"}],"author":[{"embeddable":true,"href":"https:\/\/auxsourcesdelacoise.com\/index.php?rest_route=\/wp\/v2\/users\/1"}],"replies":[{"embeddable":true,"href":"https:\/\/auxsourcesdelacoise.com\/index.php?rest_route=%2Fwp%2Fv2%2Fcomments&post=155"}],"version-history":[{"count":12,"href":"https:\/\/auxsourcesdelacoise.com\/index.php?rest_route=\/wp\/v2\/pages\/155\/revisions"}],"predecessor-version":[{"id":735,"href":"https:\/\/auxsourcesdelacoise.com\/index.php?rest_route=\/wp\/v2\/pages\/155\/revisions\/735"}],"wp:attachment":[{"href":"https:\/\/auxsourcesdelacoise.com\/index.php?rest_route=%2Fwp%2Fv2%2Fmedia&parent=155"}],"curies":[{"name":"wp","href":"https:\/\/api.w.org\/{rel}","templated":true}]}}