{"id":251,"date":"2024-09-12T16:44:39","date_gmt":"2024-09-12T14:44:39","guid":{"rendered":"https:\/\/auxsourcesdelacoise.com\/?page_id=251"},"modified":"2025-12-24T21:17:56","modified_gmt":"2025-12-24T20:17:56","slug":"trouver-nos-produits","status":"publish","type":"page","link":"https:\/\/auxsourcesdelacoise.com\/?page_id=251","title":{"rendered":"Trouver nos produits"},"content":{"rendered":"\n<div class=\"wp-block-columns is-layout-flex wp-container-core-columns-is-layout-28f84493 wp-block-columns-is-layout-flex\">\n<div class=\"wp-block-column is-layout-flow wp-block-column-is-layout-flow\" style=\"flex-basis:66.66%\">\n<h2 class=\"wp-block-heading\">Les march\u00e9s<\/h2>\n\n\n\n<p>Nous sommes pr\u00e9sents sur plusieurs march\u00e9s dans l&rsquo;agglom\u00e9ration de Lyon, et des environs:<\/p>\n\n\n\n<p><strong>Saint-Genis-Laval<\/strong>: march\u00e9 bio du centre, place Jaboulay<br>Mercredi matin &#8211; de 08h \u00e0 12h30<\/p>\n\n\n\n<p><strong>Lyon (8\u00e8me)<\/strong>: march\u00e9 bio place Ambroise Courtois (m\u00e9tro D &#8211; arr\u00eat Monplaisir Lumi\u00e8re) <br>Mercredi apr\u00e8s-midi &#8211; de 14h \u00e0 19h30<\/p>\n\n\n\n<p><strong>Saint-\u00c9tienne<\/strong>: march\u00e9 de la place Albert Thomas<br>Samedi matin &#8211; de 6h \u00e0 13h<\/p>\n<\/div>\n\n\n\n<div class=\"wp-block-column is-layout-flow wp-block-column-is-layout-flow\" style=\"border-top-left-radius:20px;border-top-right-radius:20px;border-bottom-left-radius:20px;border-bottom-right-radius:20px;flex-basis:33.33%\">\n<div class=\"wp-block-group side-section has-raft-fg-alt-color has-raft-bg-inv-background-color has-text-color has-background has-link-color wp-elements-b4fafe2b2647394792b6bbed07e0b666 is-layout-constrained wp-block-group-is-layout-constrained\" style=\"border-top-left-radius:20px;border-top-right-radius:20px;border-bottom-left-radius:20px;border-bottom-right-radius:20px\">\n<h2 class=\"wp-block-heading has-raft-fg-alt-color has-text-color has-link-color wp-elements-442a69f2774bdcc19411bd6b001d309f\">Pour les pros<\/h2>\n\n\n\n<p>N&rsquo;h\u00e9sitez pas \u00e0 nous contacter, pour connaitre les conditions de notre collaboration, les tarifs, modalit\u00e9s de livraison&#8230;<\/p>\n\n\n\n<div class=\"wp-block-buttons is-layout-flex wp-block-buttons-is-layout-flex\">\n<div class=\"wp-block-button\"><a class=\"wp-block-button__link has-white-color has-text-color has-background has-link-color wp-element-button\" href=\"https:\/\/auxsourcesdelacoise.com\/?page_id=25\" style=\"background-color:#0e6273\">Contact<\/a><\/div>\n<\/div>\n<\/div>\n<\/div>\n<\/div>\n\n\n\n<h2 class=\"wp-block-heading\">Les Amaps<\/h2>\n\n\n\n<ul class=\"wp-block-list\">\n<li>Amapopotes (Lyon 7\u00e8me &#8211; Arche de No\u00e9)<\/li>\n\n\n\n<li>Amap aux potes (Villeurbanne, Cusset &#8211; Centre social)<\/li>\n\n\n\n<li>A deux pr\u00e8s de chez vous (Brignais, Lyon 7, Lyon 1, Lyon 9, Ste Foy les Lyon)<\/li>\n\n\n\n<li>Croc&rsquo;etic (Lyon 3, Villeurbanne, V\u00e9nissieux, D\u00e9cines, Meyzieu)<\/li>\n<\/ul>\n\n\n\n<h2 class=\"wp-block-heading\">Les \u00e9piceries<\/h2>\n\n\n\n<ul class=\"wp-block-list\">\n<li>La p&rsquo;tite distrib (Lyon 7\u00e8me)<\/li>\n\n\n\n<li>Lell (Villeurbanne)<\/li>\n\n\n\n<li>Les bons plans de tonton (Lyon 4\u00e8me et 9\u00e8me)<\/li>\n\n\n\n<li>La Farlodoise (Chazelles sur Lyon)<\/li>\n\n\n\n<li>Biocoop le chou ravi (Chazelles sur Lyon)<\/li>\n\n\n\n<li>Le p&rsquo;tit verdot (Ste Foy l&rsquo;Argenti\u00e8re)<\/li>\n<\/ul>\n\n\n\n<h2 class=\"wp-block-heading\">Les restaurants<\/h2>\n\n\n\n<ul class=\"wp-block-list\">\n<li>Bleu charrette (St Symphorien sur Coise)<\/li>\n\n\n\n<li>Esprit bistro (Chazelles sur Lyon)<\/li>\n\n\n\n<li>La java bleue (Saint Etienne)<\/li>\n\n\n\n<li>Monts restaurant (Larajasse)<\/li>\n\n\n\n<li>Ravigote (Lyon 3\u00e8me)<\/li>\n<\/ul>\n\n\n\n<h2 class=\"wp-block-heading\">Et ailleurs&#8230;<\/h2>\n\n\n\n<ul class=\"wp-block-list\">\n<li>March\u00e9 \u00e0 la ferme du bon temps (Mornant)<\/li>\n\n\n\n<li>Alice aux pays, traiteur bio \u00e0 Taluyers&nbsp;<\/li>\n\n\n\n<li>Ch\u00e2teau de Riverie, chambre d&rsquo;hote \u00e0 Riverie<\/li>\n<\/ul>\n","protected":false},"excerpt":{"rendered":"<p>Les march\u00e9s Nous sommes pr\u00e9sents sur plusieurs march\u00e9s dans l&rsquo;agglom\u00e9ration de Lyon, et des environs: Saint-Genis-Laval: march\u00e9 bio du centre, place JaboulayMercredi matin &#8211; de 08h \u00e0 12h30 Lyon (8\u00e8me): march\u00e9 bio place Ambroise Courtois (m\u00e9tro D &#8211; arr\u00eat Monplaisir Lumi\u00e8re) Mercredi apr\u00e8s-midi &#8211; de 14h \u00e0 19h30 Saint-\u00c9tienne: march\u00e9 de la place Albert ThomasSamedi [&hellip;]<\/p>\n","protected":false},"author":1,"featured_media":0,"parent":0,"menu_order":0,"comment_status":"closed","ping_status":"closed","template":"","meta":{"footnotes":""},"class_list":["post-251","page","type-page","status-publish","hentry"],"_links":{"self":[{"href":"https:\/\/auxsourcesdelacoise.com\/index.php?rest_route=\/wp\/v2\/pages\/251","targetHints":{"allow":["GET"]}}],"collection":[{"href":"https:\/\/auxsourcesdelacoise.com\/index.php?rest_route=\/wp\/v2\/pages"}],"about":[{"href":"https:\/\/auxsourcesdelacoise.com\/index.php?rest_route=\/wp\/v2\/types\/page"}],"author":[{"embeddable":true,"href":"https:\/\/auxsourcesdelacoise.com\/index.php?rest_route=\/wp\/v2\/users\/1"}],"replies":[{"embeddable":true,"href":"https:\/\/auxsourcesdelacoise.com\/index.php?rest_route=%2Fwp%2Fv2%2Fcomments&post=251"}],"version-history":[{"count":16,"href":"https:\/\/auxsourcesdelacoise.com\/index.php?rest_route=\/wp\/v2\/pages\/251\/revisions"}],"predecessor-version":[{"id":749,"href":"https:\/\/auxsourcesdelacoise.com\/index.php?rest_route=\/wp\/v2\/pages\/251\/revisions\/749"}],"wp:attachment":[{"href":"https:\/\/auxsourcesdelacoise.com\/index.php?rest_route=%2Fwp%2Fv2%2Fmedia&parent=251"}],"curies":[{"name":"wp","href":"https:\/\/api.w.org\/{rel}","templated":true}]}}